ppose 21 = u + 1. Suppose 5*v - 37 = -3*t, -6*t + 2*t - 36 = -4*v. What is the greatest common divisor of v and u?
4
Suppose 74 + 13 = 5*s + 4*n, -4*s + 82 = -3*n. Calculate the greatest common divisor of 95 and s.
19
Let r(f) = f**2 + f + 3. Let u be r(-7). What is the highest common factor of 15 and u?
15
Let s(k) = 6*k - 15. Let m be s(3). Calculate the greatest common divisor of m and 3.
3
Let k be 50 - -1 - 0/7. Suppose -3*z + 9 = -k. Calculate the highest common factor of z and 80.
20
Let r(s) = s**3 - 5*s**2 + 7*s - 5. Let c be r(4). Let l = -3 + 5. Suppose -l*u + 115 = 3. What is the greatest common factor of u and c?
7
Let y(f) = -f**2 + 5*f. Let a be y(5). Suppose a*g = 3*g - 36. Suppose -3*w - 120 = -8*w. Calculate the greatest common factor of w and g.
12
Let k(z) = -z + 1. Let w be k(-4). Suppose 2*a - 2 = 0, 48 - 15 = w*f + 3*a. Let c be f*-4*6/(-4). What is the greatest common factor of 6 and c?
6
Suppose r + 2*b - 291 = 0, 5*b + 327 = r + 15. What is the highest common factor of r and 27?
27
Let g(z) = -7*z. Let l be g(-1). Let m = l - -10. What is the greatest common factor of m and 170?
17
Let u = 425 + 15. What is the highest common factor of u and 40?
40
Let j(y) = -y + 1. Let s be j(-4). Suppose 0 = s*g - 4*l - 49, -23 = -3*g - 4*l. What is the highest common divisor of 72 and g?
9
Let y(f) = f**2 + 6*f + 13. Let v be y(-6). Calculate the highest common divisor of v and 117.
13
Let q be (387 - 14/7) + (1 - -1). What is the greatest common factor of 43 and q?
43
Let c = 132 - -57. Calculate the highest common factor of c and 21.
21
Let j be (-4)/(-2) - (-9 + 6). Suppose -146 = -j*d - 2*q, -5*d - 3*q + 152 = -4*q. What is the highest common divisor of 10 and d?
10
Let c be 4 + 3*4/6. Suppose 3*i = -c + 30. Suppose -5*a + i = 3*l, 3*a - 5*a = 5*l - 26. Calculate the greatest common factor of 3 and l.
3
Let k(f) = -6*f - 11. Let c be k(-4). Let i be ((-4)/(-6))/(6/(-9)). Let y be 1/(i/(-2)) - -102. Calculate the greatest common factor of y and c.
13
Let d = 19 - -5. Let s(l) = 22*l + 66. Let c be s(9). What is the greatest common divisor of c and d?
24
Let n(f) = 36*f**2. Let o be n(1). Calculate the highest common factor of 12 and o.
12
Suppose 3*z + 1 = 7. Calculate the highest common divisor of z and 16.
2
Let r be 4190/105 - 4/(-42). What is the highest common factor of r and 8?
8
Let n = -90 - -118. What is the highest common factor of 7 and n?
7
Suppose -3*h = -2*q + 47, -2*q = q - 3*h - 63. Calculate the highest common divisor of q and 16.
16
Let d(t) = -t**3 + 15*t**2 - 3*t + 22. Let n be d(14). What is the greatest common divisor of 16 and n?
16
Let f = 2 - -78. Suppose 29 - 11 = n - 4*h, -3*h + 24 = 3*n. What is the greatest common divisor of f and n?
10
Let r(h) = -h**3 - 4*h**2 + 3. Let w be r(-3). Let g be w*(168/(-9))/4. What is the greatest common divisor of g and 70?
14
Suppose 0 = -2*u - 6. Let r be 53/3 - 1/u. Calculate the highest common factor of 12 and r.
6
Let s(f) = 4*f**2 + f + 2. Let n be s(2). Suppose -36 = -5*c - 4*b, 0 = -2*c - 5*b + 2*b + 20. Calculate the greatest common factor of n and c.
4
Let a = -13 + 15. Suppose -5*k - 3*q + 120 = a*q, 0 = -q + 4. Calculate the highest common divisor of k and 40.
20
Suppose m = 3*m - 28. Calculate the highest common divisor of m and 70.
14
Let o = 172 + -115. Let b = o + -41. What is the greatest common divisor of 16 and b?
16
Suppose 12 = 3*p, -4*p - 13 = -k - 5*p. Suppose 1 = -5*c - k. Let z(t) = -t**3 + t**2 + t. Let n be z(c). Calculate the highest common divisor of 70 and n.
10
Let j(n) = 5*n - 7. Let g be j(3). Suppose 0*v = 4*v - g, -4*b + 2*v + 152 = 0. Calculate the greatest common factor of b and 13.
13
Let q(r) = r**2 + 2*r - 7. Let l be q(-5). Suppose 3*u = -5*d - 86, u = 2*u + 2. Let j be d/(-56) - (-444)/14. What is the greatest common factor of j and l?
8
Let o be 12/(-20) + 138/5. Let j = -8 + o. What is the highest common divisor of j and 95?
19
Suppose 3*p - 11 = -3*m + 4*m, -p + 17 = -3*m. Suppose b = -p*g + 43, -4*g + 0*b + b = -71. Calculate the greatest common divisor of g and 209.
19
Let n be (-2)/(-5) - (-4)/(-10). Suppose -2*r + 7*r - 80 = n. What is the greatest common factor of r and 4?
4
Suppose 4*p - 5*p + 12 = 0. Suppose 2*d - p = 3*d. Let n = d + 18. Calculate the greatest common factor of 12 and n.
6
Suppose 2*x - 217 = 6*x - s, -5*x - 271 = -s. Let r be (-8)/(-28) - x/7. Suppose -56 = -r*t + 4*t. What is the greatest common divisor of 154 and t?
14
Let q be (-12)/(-16) + 196/16. Calculate the highest common factor of 13 and q.
13
Let o be 4/24*4*15. Suppose 4*f - 350 = 2*u, 0 = f - 2*u + u - 85. What is the highest common factor of f and o?
10
Let h be (-7 + 2)/(5/(-215)). Let g = -127 + h. Calculate the highest common divisor of 11 and g.
11
Suppose 5*j = -2*s + 17, -j + 2*s - 12 = -5*j. Suppose 0 = j*g - n - 32, -23 = -5*n - 8. What is the highest common divisor of 7 and g?
7
Suppose 2*u + 30 = 10. Let d = u + 6. Let y = 16 - d. What is the highest common divisor of 30 and y?
10
Let a(h) = 3*h + 1. Let x be a(-1). Let v be 0 - x - 25 - 1. Let b = 36 + v. What is the greatest common factor of b and 3?
3
Let p(v) = -153*v**3 + v**2 + v. Let q be p(-1). What is the greatest common factor of q and 17?
17
Suppose -5*k + 14 = -3*z - 0*z, 5*z = -2*k - 13. What is the greatest common divisor of k and 8?
1
Let f(q) be the second derivative of q**4/12 + 2*q. Let x be f(-2). Suppose 2*g - x = g. What is the greatest common factor of 4 and g?
4
Let l = 277 + -134. Let q = -1 + 6. Suppose 12 = -q*v + 77. What is the highest common divisor of v and l?
13
Let g(r) = -r**3 - 10*r**2 - 10*r - 1. Let t be g(-9). What is the highest common divisor of t and 20?
4
Let g(a) be the second derivative of -3*a + 0 + 5/2*a**2 - 11/3*a**3. Let y be g(-10). What is the greatest common divisor of y and 25?
25
Suppose 0 = 5*l + 2*r - r - 235, -2*r = l - 38. Let i = 22 + l. Calculate the highest common divisor of 28 and i.
14
Suppose -20 = -10*x + 5*x. Suppose -z = -x - 0. What is the highest common divisor of z and 28?
4
Let o(s) be the third derivative of -s**4/24 - s**3/6 - 3*s**2. Let t be o(-9). Let x = 17 + -1. Calculate the greatest common divisor of t and x.
8
Let n(i) = -4*i. Let z be n(-1). Let x(k) = -z*k + 5 + 0*k - 4*k**2 + 0*k**2 + k**3 - 3. Let f be x(5). What is the greatest common divisor of 28 and f?
7
Let r(y) = 2*y**2 - 5*y. Let h be r(8). Calculate the highest common divisor of 132 and h.
44
Let v be (-3)/(-12) - 1/4. Let r be (v + -10)/((-8)/12). Suppose 0 = -6*p + 2*p + 600. What is the highest common divisor of p and r?
15
Let o(u) = 3*u**2 + 6*u + 6. Let d be o(-2). What is the highest common factor of 3 and d?
3
Let a(h) = h**2 + 11*h - 1. Let w be a(10). What is the greatest common factor of w and 19?
19
Let c be -2*(-3)/6*2. Let g be (5 + (0 - 0))/1. Suppose -3*d - 45 = -g*x, -4*d + 28 - 10 = c*x. What is the greatest common factor of 72 and x?
9
Let h be 282/5 - 4/10. Suppose 4*k - 2 - 6 = 0. Let x be -1 - -1 - (-9 + k). Calculate the highest common divisor of h and x.
7
Suppose -b + 4*b = 12, 3*b + 43 = 5*k. Let p(m) = -m**2 - 17*m + 5. Let f be p(-9). What is the greatest common factor of k and f?
11
Let i(g) = -7*g - 28. Let k be i(-13). Calculate the greatest common divisor of k and 7.
7
Let h(w) = 14*w**2 + 13*w + 17. Let v(j) = 5*j**2 + 4*j + 6. Let o(y) = 6*h(y) - 17*v(y). Let u be o(7). Calculate the highest common factor of 147 and u.
21
Let s = 1 - 1. Suppose 2*a - 5*p = 21, s = a + 2*a - 5*p - 39. Suppose -2*k = 4*y - 86, -5*y - 6 + 1 = 0. Calculate the highest common factor of a and k.
9
Let m(g) = 4*g - 26. Let t be m(13). What is the highest common divisor of t and 117?
13
Suppose -5*k + 623 + 257 = 0. Calculate the highest common factor of 22 and k.
22
Suppose 3*h = 5*l + 315, h - l = -0*l + 105. Let i = h + 0. Suppose 5*k = -g + i, -k - 5*g = 5 - 50. Calculate the greatest common factor of k and 2.
2
Let r(d) = d**3 - 20*d**2 - 15*d - 42. Let h be r(21). Calculate the greatest common factor of h and 56.
28
Suppose -5*x + 72 + 33 = 0. Suppose 0*f + x = a - 2*f, 3*a + 3*f = 45. What is the highest common divisor of a and 51?
17
Suppose -2*m + 8*m - 462 = 0. Calculate the highest common factor of 11 and m.
11
